of w?
8
Suppose 0 = -4*m - 5*j + 378, -4*m - 2*j = -2*m - 190. Let u = -69 + m. What is the tens digit of u?
2
Let x(q) = 15*q - 4. Let i(o) = 1. Let c(p) = -5*i(p) - x(p). Let u be c(-1). Suppose -5*v + 6 = -b, -5*b = 3*v - u - 12. What is the units digit of b?
4
Let g = 5 + -19. Let u(l) = -l**2 + 2*l - 1. Let c be u(3). What is the units digit of c/g + (-162)/(-21)?
8
Suppose -u + 5*u + 4 = 0. Let w be 4/2 - (u + 0). Suppose 5*d + 4*l - w = 14, 2 = 2*d + 4*l. What is the units digit of d?
5
Let r = 121 - 173. Let s = r - -78. What is the units digit of s?
6
Suppose 5*c + 0*c = 170. What is the units digit of c?
4
Let w(o) = -o + 11. Let d be w(10). Let u be (-2 - (-1 + -2))/d. What is the units digit of 1 + (1 - u) - -4?
5
Let i(f) = -f**3 - 5*f**2 + 6*f + 2. Let m be i(-6). Suppose -m*z - z + 3 = 0. What is the units digit of (-4 + z)/(-3) - -1?
2
Let q(x) = x**3 + 5*x**2 - 5*x + 8. Let g be q(-6). Suppose 4*f - 42 = g*f. What is the units digit of f?
1
Let i(r) be the third derivative of -r**5/60 - 5*r**4/24 - r**3/3 + 6*r**2. What is the units digit of i(-2)?
4
Let z(p) = -3*p - 11. What is the tens digit of z(-12)?
2
Let h = 250 - 63. What is the units digit of h?
7
Suppose -w = 3*w - 412. What is the units digit of w?
3
Let o(q) = q**3 - 11*q**2 + 11*q + 2. Let x be o(10). What is the tens digit of 40/(-3)*x/(-8)?
2
Let n(b) = -b**3 - 19*b**2 + 6*b + 34. What is the units digit of n(-20)?
4
Let d(b) = b**3 - 4*b**2 + 4*b. Let f be d(3). Suppose 0 = -o + 3*x + 12, f*x - 3 = 2*x. What is the tens digit of o?
2
What is the tens digit of 34*4/8 - 3?
1
Let y(p) = 3*p**2 + 4*p. What is the tens digit of y(-9)?
0
Suppose 132*p - 136*p = -1456. What is the tens digit of p?
6
Let k(y) be the second derivative of 2*y**3/3 - y**2 - 2*y. Let s be k(-3). What is the units digit of (s/(-4))/((-3)/(-6))?
7
Suppose 3*o = 165 + 231. What is the tens digit of o?
3
Let k = -78 - -164. What is the units digit of k?
6
Suppose -4*x - 96 = -32. Suppose -36 = v - 5*m, 0 = v + 5*m - 0*m + 16. Let p = x - v. What is the tens digit of p?
1
Suppose -50*w + 45*w = -1070. What is the tens digit of w?
1
Let o = 23 + -14. Suppose 54 - o = 3*m. What is the tens digit of m?
1
Let r = 186 - 75. What is the hundreds digit of r?
1
Let s(r) = -2*r**2 - 2*r + 2. Let m be s(3). What is the units digit of m/(-6) - 4/(-12)?
4
Suppose 2*m = 3*m - 2. What is the units digit of m?
2
Suppose 4*t - u = -41, -t - 14 = 2*u - u. Let p = t - -8. Let m(l) = l**2 + l. What is the units digit of m(p)?
6
Let u(b) be the third derivative of b**6/24 - b**5/30 + b**3/6 - 2*b**2. What is the units digit of u(1)?
4
Suppose 3*x = -x. Suppose 2*l = -5*j - x*l - 4, 0 = -4*j - l - 2. Suppose -12 = -3*t - j*t. What is the units digit of t?
4
What is the units digit of (2/(-3))/((-4)/246)?
1
Suppose 2*v = 5*f + 49, 0*v - 5*f - 76 = -3*v. What is the units digit of v?
7
Let r = 100 + 49. What is the tens digit of r?
4
Let w(v) = -v**3 - 12*v**2 + 12*v - 8. What is the units digit of w(-13)?
5
Let p(a) = -a - 13. Let c(m) = 2*m + 14. Let h(s) = -2*c(s) - 3*p(s). What is the units digit of h(10)?
1
Let l(r) = r - 1. Let y be l(5). Let z be -2*(-2 + (-9)/6). Let u = z - y. What is the units digit of u?
3
Let v(r) be the first derivative of r**3/3 + 7*r**2/2 - 3. Let z(y) = -6*y**2 - 35*y. Let k(b) = 11*v(b) + 2*z(b). What is the units digit of k(6)?
6
Let l be (-2)/(2/3)*-1. Suppose 13 = l*i - 8. What is the units digit of i?
7
Suppose 18 = j + 5*o + 50, -4*j = -4*o + 56. Let i = j + 26. What is the units digit of i?
9
Suppose -n - 10 - 1 = c, 4*n - 46 = 2*c. Let o = 22 + c. What is the units digit of o?
7
Let a be -2 + (8 - 1) + -1. Suppose k = t + 16, -6*t + 2*t = a*k - 24. What is the tens digit of k?
1
Let u = 5 + 0. Suppose n - 5*a + 20 = 0, -3*n + a + 8 = 3*a. Suppose 10 - 1 = z + u*g, 3*z - 4*g - 65 = n. What is the tens digit of z?
1
Let f = -11 + 19. Let y = f - 8. What is the units digit of 7 - (y + 2 + 1)?
4
Let r(c) = 3 - 10 - c - 2*c. Let p be r(-7). Suppose 4*t - 2*a = p, 0 = -3*t - a + 2*a + 11. What is the units digit of t?
4
Let b = -46 + 84. Suppose b = 5*t - 7. What is the units digit of t?
9
Let o be 0/(1 - (-2 + 5)). Suppose -3*d + 1 + 2 = o. What is the units digit of d?
1
Let i(w) = w**2 - w + 1. Let x(g) = -g**3 - 3*g**2 - 2*g - 2. Let o be x(-2). Let c be i(o). What is the units digit of 10/14 - (-2)/c?
1
Suppose 3*l = -4*r - 34, -5*l - 5*r = -3 + 53. Let q = 6 + l. Let v = q - -9. What is the units digit of v?
9
Let l = 211 + -143. What is the units digit of l?
8
Let g = -1 - -37. Suppose 0 = n + 2*n - g. What is the units digit of n?
2
Let v(x) = x**3 + 7*x**2 + 6*x + 3. Let t be v(-6). Suppose 5*a = t*a - 8. Let h(u) = -u**2 - 7*u - 5. What is the units digit of h(a)?
7
Suppose 40 = 17*u - 96. What is the units digit of u?
8
Suppose 5 = 4*v + 17. What is the units digit of v/(-2*(-1)/(-8))?
2
Let j(q) = q + 4. Suppose 0*n = n + 8. Let k be j(n). Let w = k + 7. What is the units digit of w?
3
Let z = -218 + 416. What is the hundreds digit of z?
1
Suppose -14 = -5*b + 3*r, 3*r + 6 = -b + 4*b. Let a(w) = w**2 + w. What is the units digit of a(b)?
0
Suppose 0*t = -5*m + t + 8, 0 = -3*m - 5*t + 16. Let s be (m/(-5))/(2/(-30)). Let a = s + 0. What is the units digit of a?
6
Let b(a) = a**2 + 4. What is the tens digit of b(-4)?
2
Suppose 0 = -13*q + 8*q. Let t(l) = l + 38. What is the units digit of t(q)?
8
Suppose 0 = -3*f + 6*f. Let v be 44 - ((-2 - -2) + f). Suppose v = -3*y + 7*y. What is the units digit of y?
1
Let a be (2 - 4) + -1 - -8. Suppose -29 - 6 = -a*o. What is the units digit of o?
7
Let b(c) be the third derivative of c**4/12 - c**3/2 + 2*c**2. Let m be 1/1 + (-12)/(-3). What is the units digit of b(m)?
7
Let r(u) = u - 7. Let y be r(7). Suppose 7*p - 4*p - 9 = y. What is the units digit of p?
3
Let a = -3 + 3. Suppose a = -0*b - 3*b + 51. Suppose 47 = 3*c + 5*l, 2*l = -3*c + 2*c + b. What is the units digit of c?
9
Let z = 18 - 21. Let k(a) = -8*a + 2. What is the tens digit of k(z)?
2
Suppose -l + 3*l = 4, -3*l = i + 3. Let v(s) = -6*s + 4. Let t be v(i). Suppose 4*f - 5*x = 76, -3*f = 2*f + 3*x - t. What is the tens digit of f?
1
Suppose -11*i - 21 + 219 = 0. What is the units digit of i?
8
Let n(f) = -8*f + 3. What is the tens digit of n(-5)?
4
Suppose 12*g - 178 = 11*g. Suppose -2*y + 34 - g = -3*m, -y + 253 = 5*m. What is the tens digit of m?
5
Let f(d) = 2*d - 7. Let x be f(6). What is the units digit of (-39)/(-5) - x/(-25)?
8
Let n be (-9)/(-5) + 5/25. Suppose n*v = 3*g, 5*v - 11 + 2 = 3*g. Suppose g*d - q - 5 = 0, -2 = q - 7. What is the units digit of d?
5
Let d = 6 + -4. Suppose -8 = -r + d*c - 0*c, -3*r = -2*c - 28. What is the tens digit of r?
1
Let p = 13 - 11. Suppose -26 = -5*i - 2*j, 4*i = p*j + j + 7. What is the units digit of i?
4
Let x(u) be the second derivative of u**4/4 + u**3/3 - 2*u**2 - 2*u. Let j(r) be the first derivative of x(r). What is the tens digit of j(2)?
1
Let l(x) = -2*x + 4. Let u be l(-5). Let y = u + -4. What is the units digit of y?
0
Let t = 0 + 3. Suppose -3 = -0*u - t*u. What is the units digit of u?
1
What is the units digit of 399*(8/12)/1?
6
Suppose 0 = 3*f - 2*d - 50, 5*f - 5*d + 26 - 106 = 0. What is the units digit of f?
8
Let a(v) = 2*v**2 + 4*v + 2. Let s be ((-2)/5)/(4/20). What is the units digit of a(s)?
2
Let l(s) = -s + 12 + 6*s - 4*s. What is the units digit of l(-10)?
2
Suppose 3*r + 85 = 4*n, -n - 4*r = -9*r - 17. What is the units digit of n?
2
Let l = 18 - -91. What is the hundreds digit of l?
1
Let i(k) = k**2 - 7*k + 2. What is the tens digit of i(-6)?
8
Let n = 18 - 12. Let t = n + -5. What is the units digit of t?
1
Suppose -2*o = -3*y + o + 6, 15 = -3*o. Let f(q) = 5*q - 4. Let i(u) = -u. Let b(x) = -f(x) - 6*i(x). What is the units digit of b(y)?
1
Let x be (-15)/(-1) - (-6 - -7). Suppose -3*n + x - 2 = 0. Suppose -n*k + 44 = -4*l, 2 = 5*k + 2*l - 88. What is the units digit of k?
6
Let v(q) = -q**2 - 16*q - 3. Let k(h) = h**3 + 10*h**2 + 2*h + 6. Let t be k(-10). What is the units digit of v(t)?
5
Let z = -314 - -555. Suppose -4*t = -v + 29, v - 4*t + z = 6*v. What is the tens digit of v?
4
Suppose 2*h + 20 = 5*q, -3*h - 14 = -2*q - h. Let g(a) = 3*a + 1 - 3*a + 6*a - a**q. What is the units d